19 + 24. Let t(u) = u**3 + 2*u**2 - 8*u + 10. Is t(c) composite?
True
Let n = -421 + 1508. Is n a composite number?
False
Suppose 0 = -s + w + 5, 5*s + 2*w - 17 = -w. Suppose -649 = -5*y + s*m, 0 = 5*y + 4*m - 5*m - 661. Is y a composite number?
True
Suppose 9088 = 2*f - 3*a, 5*f - 13645 = 2*f - 2*a. Is f composite?
False
Let u(y) = y**3 - y**2. Let q be u(1). Suppose 5*z = -10, q = l + l + 2*z - 20. Is (287/14)/(2/l) a composite number?
True
Let g be (-2 + 3)*33/11. Suppose -g*j = c - 6*j - 118, c - 108 = 5*j. Is c composite?
True
Is (1 - (-5 + 7))*(-1 + -27580) prime?
True
Let n = 46 + -43. Suppose 3*x + i = 2626, 3*x = n*i + 2*i + 2656. Is x prime?
True
Suppose 4*v - 368 - 396 = 0. Is v a prime number?
True
Suppose -f + 5*m + 2447 = 0, -5*f + 3*f + 4*m = -4900. Let s be (-1 + 5)/(8/f). Suppose 5*k - 309 - s = 0. Is k composite?
False
Suppose 2*f - 17494 = -2*q, 2*q - 1 + 7 = 0. Is 2/(-3) + f/30 a prime number?
False
Suppose -6*g + 3295 + 19271 = 0. Is g a prime number?
True
Let d = 910 - -4423. Is d composite?
False
Suppose -3*w + 4*s + 1 = -28, -s - 5 = 0. Suppose 3*h - 4*m = 505, 672 = 4*h - w*m - 2*m. Is h a prime number?
True
Suppose m + 6 = r - 0, 0 = -3*r + 2*m + 17. Suppose 4*z - z + 400 = 5*k, -r*z - 224 = -3*k. Is k a composite number?
False
Let s(f) = 2*f - 4 - 5*f**2 - 4*f**3 + 5*f**3 - 2*f**3 + 3*f. Let k be s(-6). Is 4/((-16)/(-300)) + k a composite number?
True
Let w(t) = 1121*t + 86. Is w(3) a composite number?
False
Let y be 78/((7 - 4) + -1). Suppose i - 70 - y = 0. Is i composite?
False
Let p(k) = -43*k - 1. Let r be p(5). Let m = 539 + r. Is m prime?
False
Suppose 0*w - 4 = w + 3*q, -3*q = -3*w. Suppose 6*v + 143 - 1481 = 0. Is (-12 + 11)/(w/v) a prime number?
True
Suppose -6*o - 24 = -2*o. Let l be -5*2*(-87)/o. Is 2*l*1/(-2) a composite number?
True
Suppose -631 - 19 = 5*i. Let c = 239 + i. Is c prime?
True
Is 63650/22 - (-6 - 544/(-88)) prime?
False
Suppose 3*v - l - 170256 = 0, -5*v - 32041 + 315808 = -4*l. Is v prime?
False
Let y(d) = 4*d + 3. Let p be y(-3). Let m(b) = -23*b - 4. Is m(p) a prime number?
False
Let h(o) = -2*o - 15. Let r be h(-11). Suppose 3*z + 0 - 19 = 2*x, r = 4*z + x. Suppose -z*s - s + 2*j + 582 = 0, 0 = -4*s - 2*j + 578. Is s a prime number?
False
Suppose -9*n + 144 = 9. Suppose -n = -3*h - 6. Suppose -1808 = -4*p + 3*r, p + 0*p = h*r + 461. Is p prime?
True
Let w(r) = r**2 - 6*r + 3. Let y be w(6). Suppose -p + 2 = k - 0, -3*p - 4*k = -y. Let u(n) = 32*n**2 - 5*n + 10. Is u(p) prime?
False
Let a = 5 - 1. Let q = a - -5. Let n = 2 + q. Is n a prime number?
True
Let v be (-92)/(-20) - 2/(-5). Suppose 2*n + 357 = 5*g, 5*g + 2*n = v*n + 358. Is g prime?
True
Let o be -2*((-12)/(-54) + (-14)/(-18)). Is -3 - (o + -3) - -3827 prime?
False
Let p be 5/(-15)*(-3 + -30). Is p*46*2 - 3 prime?
True
Let a = 7 + -6. Suppose -2*b - 7 = a. Is (-1 - -3)/(b/(-38)) prime?
True
Suppose 1049 = -n - 968. Let q = 3225 + n. Suppose -4*i - 2*c = -q, -3*i + 723 = -2*c - 190. Is i prime?
False
Is (-17454)/(-8) + (-31)/(-124) a prime number?
False
Suppose -208*f - 8648 = -216*f. Is f prime?
False
Let t be (-3)/(-9) + 15/9. Suppose -t*a - 4 = -a, -4*z + 624 = -2*a. Let p = 281 - z. Is p composite?
False
Suppose 19859 = 14*l - 33775. Is l composite?
True
Let h be (-4)/(-2) + (0 - -2). Let w(u) = 8 + h*u + 153 - 3*u - 3*u**2 + u**3 + 4*u**2. Is w(0) prime?
False
Suppose -519 = 5*n + 646. Let s = 403 - n. Let v = s - 305. Is v a composite number?
False
Let a = -1914 - -593. Let i = a + 503. Is i/((2 - 12)/5) prime?
True
Suppose -19860 = -5*u - 5*u. Suppose -3*h - 2*h = -2*w - 4947, u = 2*h + w. Is h a prime number?
True
Let n(r) = 3*r + 3. Let c(w) = 7*w + 5. Let g(j) = -2*c(j) + 5*n(j). Let x be g(-5). Suppose x = -2*d + 3*d - 291. Is d a prime number?
False
Let l(b) = 87*b**2 - 8*b + 7. Suppose y = 2*y + 4*h - 2, 0 = 5*h. Is l(y) a prime number?
False
Suppose m - 311 - 1818 = 0. Is m a composite number?
False
Let s(f) = 20*f + 18. Suppose 2*l - l - 2 = 0. Suppose -o + 10 = l. Is s(o) composite?
True
Suppose 0 = 33*g - 27*g - 78426. Is g a composite number?
True
Let c = 8 - -1. Suppose -12*g + c*g - 9 = 0. Let a(v) = -7*v + 10. Is a(g) a prime number?
True
Suppose 3*m + 2*k - 14832 = 5*k, -14822 = -3*m + k. Is m prime?
False
Let s = 24 - 24. Suppose -2*l + 3*l - 5*k + 8 = s, -4*l + 16 = 4*k. Suppose 3*i - 19 = l*i. Is i a prime number?
True
Suppose -22661 = -4*j + 3*v, 9*j = 10*j + 4*v - 5689. Is j a prime number?
True
Let v = -38 - -58. Suppose -5*r - 2*b + 619 = -556, v = -4*b. Suppose 7*o - r = 4*o. Is o prime?
True
Let u(l) = 40*l - 21. Let f(m) = 40*m - 21. Let z(q) = 2*f(q) - 3*u(q). Is z(-13) a composite number?
False
Suppose 2*n - 6 = -4*z, 21 = -2*n - 0*n + 5*z. Let i(f) be the second derivative of -4*f**3/3 + 7*f**2/2 + 2*f. Is i(n) a prime number?
True
Let p(l) = 219*l**2 - 4*l + 3. Let v be p(2). Suppose 0*k = -3*k - 1734. Let a = v + k. Is a composite?
False
Let l(k) = -995*k - 492. Is l(-17) prime?
False
Suppose -37*r + 5145 = -22*r. Suppose o - 1140 + r = 0. Is o composite?
False
Let f be 4/(-6) + (-2170)/(-6). Suppose -5*p + 4*w + 595 = 0, -5*p = w - f - 234. Is p a prime number?
False
Suppose 12*u - 1695 = 7*u. Let f = 970 - u. Is f composite?
False
Let z(p) be the first derivative of 15*p**4/4 - 4*p**3/3 + 2*p**2 + p - 254. Suppose -1 = -2*b + 5. Is z(b) composite?
True
Suppose -22*y + 76422 = -4780. Is y a prime number?
True
Let c be (-10)/35 + (-2748)/(-14). Suppose -4*j = c - 1064. Let x = 474 - j. Is x a composite number?
False
Let x be (-5 - 18/(-4))*4. Let i(t) be the first derivative of -33*t**2/2 - t - 2. Is i(x) composite?
True
Suppose 19*x - 15148 - 133185 = 0. Is x a prime number?
False
Is -18*11/(-792) + (-215238)/(-8) a composite number?
True
Let u = -14790 + 23938. Suppose -3*k + 5257 = -4*p, -5*k - p - 417 + u = 0. Is k a prime number?
True
Is (510/(-20))/(-5 + 18402/3684) prime?
False
Let q(n) be the second derivative of n**4/4 - n**3/2 + n**2/2 + 5*n. Let l be q(4). Is (l/3)/(1/3) a composite number?
False
Suppose -12*n + 11232 = 4*k - 16*n, -4*k - 3*n = -11239. Is k a prime number?
False
Suppose 3*c - 616 = -5*z - 51, -8 = -4*z. Let k be -1*6/(-15)*15. Suppose c = -k*a + 11*a. Is a a composite number?
False
Let a = -7129 - -18308. Suppose 22*g - 15*g = a. Is g prime?
True
Let g(u) = -u**2 + 5*u + 3. Let z be g(5). Is (-7)/(z + (-66)/21) a composite number?
True
Let k(z) = -231*z + 91. Is k(-20) a prime number?
False
Let g(o) = 523*o**2 + 196*o - 22. Is g(-7) a composite number?
True
Let b(z) = -2*z + 10. Let v be b(5). Let m = 4 - v. Suppose -3*u + 4*s - 3*s + 168 = 0, -43 = -u - m*s. Is u a composite number?
True
Let x = -4 - -15. Let m = x + -9. Is 429/5 - m/(-10) a prime number?
False
Is (-2)/(-6)*(20993 + -254) composite?
True
Let c(m) = m**3 + 2*m**2 + m - 12. Let t be c(-6). Let p = -47 - t. Is p prime?
False
Let u(w) = -2*w + 4. Let g be u(0). Suppose g*f - 7011 = -5*k, -2*f = -4*k + 1183 + 4405. Is k a composite number?
False
Let o = -672 - -1698. Let b = 1659 - o. Let h = b + -326. Is h a prime number?
True
Let l(i) = 19*i. Let s(t) = t - 1. Let j(o) = -l(o) - s(o). Let r = -22 + 16. Is j(r) a prime number?
False
Let l = 6231 + -2872. Is l a prime number?
True
Is 6/20 - 2423674/(-220) composite?
True
Let p(c) be the third derivative of 7*c**4/8 - 7*c**3/6 + 12*c**2. Let s(f) = -8*f - 2. Let u be s(-2). Is p(u) prime?
False
Let o be (-145)/5 - 3 - 4. Let r = 31 + o. Is (-1)/r - (-6678)/35 a composite number?
False
Let g(m) = -m + 3. Let p be g(-5). Let r be -1 + (-5 - -1 - -3). Is (-4)/p*r*223 composite?
False
Suppose -5*h + 1852 = -8703. Is h composite?
False
Let n(q) = 3*q**2 - 12*q + 11. Let f(l) be the first derivative of 5*l**3/3 - 9*l**2 + 16*l + 2. Let s(c) = 5*f(c) - 8*n(c). Is s(-11) a prime number?
True
Suppose -x + 8 = b, -4*b = -3*x - 0 - 18. Is (-74)/3*(-9)/b prime?
True
Let l = 390 + -136. Is l*(-3 + (-7)/(-2)) composite?
False
Let g(r) = 859*r**3 + r**2 - 1. Let k be g(1). Let h = 95 - k. Is 6/(-18) + h/(-6) a composite number?
False
Let q(d) = d**3 - 12*d - 10. Let r be q(-4). Is (2 + (-1808)/(-10))/(r/(-65)) prime?
True
Suppose -3*v - 15 = -5*c + v, -3*c = 3*v + 18. Let k be c/(-2)*(3 - 3). Suppose -3 = -k*r - r. Is r prime?
True
Let b(y) = 112*y**2 + 3*y + 3.